{"id":27,"date":"2017-02-07T12:16:36","date_gmt":"2017-02-07T11:16:36","guid":{"rendered":"http:\/\/serwer1646903.home.pl\/lo1\/?page_id=27"},"modified":"2022-09-28T12:13:23","modified_gmt":"2022-09-28T10:13:23","slug":"dyrekcja","status":"publish","type":"page","link":"https:\/\/lo1.szczecin.pl\/index.php\/o-szkole\/dyrekcja\/","title":{"rendered":"Dyrekcja"},"content":{"rendered":"<hr \/>\n<p><strong>Dyrektor I Liceum Og\u00f3lnokszta\u0142c\u0105cego im.Marii Sk\u0142odowskiej-Curie w Szczecinie <br \/>Ewa Budziach<br \/><\/strong><\/p>\n<p><img loading=\"lazy\" decoding=\"async\" class=\"alignnone size-medium wp-image-4577\" src=\"http:\/\/lo1.szczecin.pl\/wp-content\/uploads\/2021\/11\/1LO-0617-200x300.jpg\" alt=\"\" width=\"200\" height=\"300\" srcset=\"https:\/\/lo1.szczecin.pl\/wp-content\/uploads\/2021\/11\/1LO-0617-200x300.jpg 200w, https:\/\/lo1.szczecin.pl\/wp-content\/uploads\/2021\/11\/1LO-0617-683x1024.jpg 683w, https:\/\/lo1.szczecin.pl\/wp-content\/uploads\/2021\/11\/1LO-0617-768x1152.jpg 768w, https:\/\/lo1.szczecin.pl\/wp-content\/uploads\/2021\/11\/1LO-0617-1024x1536.jpg 1024w, https:\/\/lo1.szczecin.pl\/wp-content\/uploads\/2021\/11\/1LO-0617-1365x2048.jpg 1365w, https:\/\/lo1.szczecin.pl\/wp-content\/uploads\/2021\/11\/1LO-0617.jpg 1414w\" sizes=\"auto, (max-width: 200px) 100vw, 200px\" \/><\/p>\n<p>\u00a0<\/p>\n<hr \/>\n<p><strong>Wicedyrektorzy I Liceum im.Marii Sk\u0142odowskiej-Curie w Szczecinie<\/strong><\/p>\n<p><img loading=\"lazy\" decoding=\"async\" class=\"alignnone size-medium wp-image-4578\" src=\"http:\/\/lo1.szczecin.pl\/wp-content\/uploads\/2021\/11\/1LO-0555-200x300.jpg\" alt=\"\" width=\"200\" height=\"300\" srcset=\"https:\/\/lo1.szczecin.pl\/wp-content\/uploads\/2021\/11\/1LO-0555-200x300.jpg 200w, https:\/\/lo1.szczecin.pl\/wp-content\/uploads\/2021\/11\/1LO-0555-683x1024.jpg 683w, https:\/\/lo1.szczecin.pl\/wp-content\/uploads\/2021\/11\/1LO-0555-768x1152.jpg 768w, https:\/\/lo1.szczecin.pl\/wp-content\/uploads\/2021\/11\/1LO-0555-1024x1536.jpg 1024w, https:\/\/lo1.szczecin.pl\/wp-content\/uploads\/2021\/11\/1LO-0555-1365x2048.jpg 1365w, https:\/\/lo1.szczecin.pl\/wp-content\/uploads\/2021\/11\/1LO-0555.jpg 1414w\" sizes=\"auto, (max-width: 200px) 100vw, 200px\" \/><\/p>\n<p><strong>Wioleta Dydo &#8211; ds. dydaktycznych\u00a0 \u00a0 \u00a0\u00a0<\/strong><\/p>\n<hr \/>\n<h3 style=\"text-align: center;\">\u00a0<strong><br \/><\/strong><img loading=\"lazy\" decoding=\"async\" class=\"size-medium wp-image-4367 alignleft\" src=\"http:\/\/lo1.szczecin.pl\/wp-content\/uploads\/2021\/08\/229709091_243985004238431_4569935942408412577_n-222x300.jpg\" alt=\"\" width=\"222\" height=\"300\" srcset=\"https:\/\/lo1.szczecin.pl\/wp-content\/uploads\/2021\/08\/229709091_243985004238431_4569935942408412577_n-222x300.jpg 222w, https:\/\/lo1.szczecin.pl\/wp-content\/uploads\/2021\/08\/229709091_243985004238431_4569935942408412577_n-758x1024.jpg 758w, https:\/\/lo1.szczecin.pl\/wp-content\/uploads\/2021\/08\/229709091_243985004238431_4569935942408412577_n-768x1037.jpg 768w, https:\/\/lo1.szczecin.pl\/wp-content\/uploads\/2021\/08\/229709091_243985004238431_4569935942408412577_n.jpg 944w\" sizes=\"auto, (max-width: 222px) 100vw, 222px\" \/><\/h3>\n\n\n<p><strong>Monika D\u0105browska &#8211; ds. wychowawczych<\/strong><\/p>\n\n\n\n<p><\/p>\n","protected":false},"excerpt":{"rendered":"<p>Dyrektor I Liceum Og\u00f3lnokszta\u0142c\u0105cego im.Marii Sk\u0142odowskiej-Curie w Szczecinie Ewa Budziach \u00a0 Wicedyrektorzy I Liceum im.Marii Sk\u0142odowskiej-Curie w Szczecinie Wioleta Dydo &#8211; ds. dydaktycznych\u00a0 \u00a0 \u00a0\u00a0 \u00a0 Monika D\u0105browska &#8211; ds. wychowawczych<\/p>\n","protected":false},"author":1,"featured_media":0,"parent":8,"menu_order":2,"comment_status":"closed","ping_status":"closed","template":"","meta":{"footnotes":""},"class_list":["post-27","page","type-page","status-publish","hentry"],"_links":{"self":[{"href":"https:\/\/lo1.szczecin.pl\/index.php\/wp-json\/wp\/v2\/pages\/27","targetHints":{"allow":["GET"]}}],"collection":[{"href":"https:\/\/lo1.szczecin.pl\/index.php\/wp-json\/wp\/v2\/pages"}],"about":[{"href":"https:\/\/lo1.szczecin.pl\/index.php\/wp-json\/wp\/v2\/types\/page"}],"author":[{"embeddable":true,"href":"https:\/\/lo1.szczecin.pl\/index.php\/wp-json\/wp\/v2\/users\/1"}],"replies":[{"embeddable":true,"href":"https:\/\/lo1.szczecin.pl\/index.php\/wp-json\/wp\/v2\/comments?post=27"}],"version-history":[{"count":42,"href":"https:\/\/lo1.szczecin.pl\/index.php\/wp-json\/wp\/v2\/pages\/27\/revisions"}],"predecessor-version":[{"id":5499,"href":"https:\/\/lo1.szczecin.pl\/index.php\/wp-json\/wp\/v2\/pages\/27\/revisions\/5499"}],"up":[{"embeddable":true,"href":"https:\/\/lo1.szczecin.pl\/index.php\/wp-json\/wp\/v2\/pages\/8"}],"wp:attachment":[{"href":"https:\/\/lo1.szczecin.pl\/index.php\/wp-json\/wp\/v2\/media?parent=27"}],"curies":[{"name":"wp","href":"https:\/\/api.w.org\/{rel}","templated":true}]}}

<hr />
<p><strong>Dyrektor I Liceum Ogólnokształcącego im.Marii Skłodowskiej-Curie w Szczecinie <br />Ewa Budziach<br /></strong></p>
<p><img loading="lazy" decoding="async" class="alignnone size-medium wp-image-4577" src="http://lo1.szczecin.pl/wp-content/uploads/2021/11/1LO-0617-200x300.jpg" alt="" width="200" height="300" srcset="https://lo1.szczecin.pl/wp-content/uploads/2021/11/1LO-0617-200x300.jpg 200w, https://lo1.szczecin.pl/wp-content/uploads/2021/11/1LO-0617-683x1024.jpg 683w, https://lo1.szczecin.pl/wp-content/uploads/2021/11/1LO-0617-768x1152.jpg 768w, https://lo1.szczecin.pl/wp-content/uploads/2021/11/1LO-0617-1024x1536.jpg 1024w, https://lo1.szczecin.pl/wp-content/uploads/2021/11/1LO-0617-1365x2048.jpg 1365w, https://lo1.szczecin.pl/wp-content/uploads/2021/11/1LO-0617.jpg 1414w" sizes="auto, (max-width: 200px) 100vw, 200px" /></p>
<p> </p>
<hr />
<p><strong>Wicedyrektorzy I Liceum im.Marii Skłodowskiej-Curie w Szczecinie</strong></p>
<p><img loading="lazy" decoding="async" class="alignnone size-medium wp-image-4578" src="http://lo1.szczecin.pl/wp-content/uploads/2021/11/1LO-0555-200x300.jpg" alt="" width="200" height="300" srcset="https://lo1.szczecin.pl/wp-content/uploads/2021/11/1LO-0555-200x300.jpg 200w, https://lo1.szczecin.pl/wp-content/uploads/2021/11/1LO-0555-683x1024.jpg 683w, https://lo1.szczecin.pl/wp-content/uploads/2021/11/1LO-0555-768x1152.jpg 768w, https://lo1.szczecin.pl/wp-content/uploads/2021/11/1LO-0555-1024x1536.jpg 1024w, https://lo1.szczecin.pl/wp-content/uploads/2021/11/1LO-0555-1365x2048.jpg 1365w, https://lo1.szczecin.pl/wp-content/uploads/2021/11/1LO-0555.jpg 1414w" sizes="auto, (max-width: 200px) 100vw, 200px" /></p>
<p><strong>Wioleta Dydo &#8211; ds. dydaktycznych      </strong></p>
<hr />
<h3 style="text-align: center;"> <strong><br /></strong><img loading="lazy" decoding="async" class="size-medium wp-image-4367 alignleft" src="http://lo1.szczecin.pl/wp-content/uploads/2021/08/229709091_243985004238431_4569935942408412577_n-222x300.jpg" alt="" width="222" height="300" srcset="https://lo1.szczecin.pl/wp-content/uploads/2021/08/229709091_243985004238431_4569935942408412577_n-222x300.jpg 222w, https://lo1.szczecin.pl/wp-content/uploads/2021/08/229709091_243985004238431_4569935942408412577_n-758x1024.jpg 758w, https://lo1.szczecin.pl/wp-content/uploads/2021/08/229709091_243985004238431_4569935942408412577_n-768x1037.jpg 768w, https://lo1.szczecin.pl/wp-content/uploads/2021/08/229709091_243985004238431_4569935942408412577_n.jpg 944w" sizes="auto, (max-width: 222px) 100vw, 222px" /></h3>


<p><strong>Monika Dąbrowska &#8211; ds. wychowawczych</strong></p>



<p></p>

<p>Dyrektor I Liceum Ogólnokształcącego im.Marii Skłodowskiej-Curie w Szczecinie Ewa Budziach   Wicedyrektorzy I Liceum im.Marii Skłodowskiej-Curie w Szczecinie Wioleta Dydo &#8211; ds. dydaktycznych         Monika Dąbrowska &#8211; ds. wychowawczych</p>
