{"id":41,"date":"2017-02-07T12:23:12","date_gmt":"2017-02-07T11:23:12","guid":{"rendered":"http:\/\/serwer1646903.home.pl\/lo1\/?page_id=41"},"modified":"2025-10-13T13:24:16","modified_gmt":"2025-10-13T11:24:16","slug":"pedagog-szkolny","status":"publish","type":"page","link":"https:\/\/lo1.szczecin.pl\/index.php\/o-szkole\/pedagog-szkolny\/","title":{"rendered":"Pedagog i psycholog szkolny"},"content":{"rendered":"<hr \/>\n<div class=\"kvgmc6g5 cxmmr5t8 oygrvhab hcukyx3x c1et5uql ii04i59q\">\n<div dir=\"auto\" style=\"text-align: center;\"><strong>Drodzy Uczniowie i Rodzice,<\/strong><\/div>\n<div dir=\"auto\" style=\"text-align: center;\"><strong>je\u017celi potrzebujecie wsparcia, kontaktu, konsultacji, rozmowy<br \/>\nz\u00a0 pedagogiem czy psychologiem<br \/>\nZAPRASZAMY<\/strong><\/div>\n<div dir=\"auto\">\n<hr \/>\n<\/div>\n<h5 dir=\"auto\"><strong>Aneta Krawiec &#8211; Pedagog szkolny<br \/>\n<\/strong><\/h5>\n<div dir=\"auto\"><strong><span style=\"color: #000080;\">tel. bezpo\u015bredni (91) 484-60-07, e-mail pedagog.jedynka@wp.pl.<\/span> <\/strong><br \/>\n(gabinet pedagoga: parter szko\u0142y)<\/div>\n<\/div>\n<div class=\"o9v6fnle cxmmr5t8 oygrvhab hcukyx3x c1et5uql ii04i59q\">\n<div dir=\"auto\">Poniedzia\u0142ek &#8211; 7.45.00-14.45<\/div>\n<div dir=\"auto\">Wtorek &#8211;\u00a0 7.45-14.45<\/div>\n<div dir=\"auto\">\u015aroda &#8211; 7.45-14.15<\/div>\n<div dir=\"auto\">Czwartek &#8211;\u00a0 7.35 -14.45<\/div>\n<div dir=\"auto\">Pi\u0105tek &#8211;\u00a0 7.45-12.45<\/div>\n<div dir=\"auto\">\n<hr \/>\n<\/div>\n<\/div>\n<h5 class=\"o9v6fnle cxmmr5t8 oygrvhab hcukyx3x c1et5uql ii04i59q\"><strong>Urszula Koz\u0142owska &#8211; Psycholog szkolny<\/strong><\/h5>\n<h5 class=\"o9v6fnle cxmmr5t8 oygrvhab hcukyx3x c1et5uql ii04i59q\"><strong>Poniedzia\u0142ek &#8211; 7.20 &#8211; 11.20<br \/>\n\u015aroda &#8211; 7.20 &#8211; 15.20<br \/>\nNa platformie Teams &#8211; \u015broda 16.30 &#8211; 18.30<\/p>\n<p>Emilia Lech &#8211; Psycholog szkolny<br \/>\nWtorek &#8211; 9.00 &#8211; 13.00<br \/>\nCzwartek &#8211; 12.00 &#8211; 15.25<\/strong><\/h5>\n<div><\/div>\n<div>\n<hr \/>\n<\/div>\n<div class=\"o9v6fnle cxmmr5t8 oygrvhab hcukyx3x c1et5uql ii04i59q\">\n<div dir=\"auto\"><\/div>\n<\/div>\n<p><strong>Wykaz os\u00f3b i instytucji, do kt\u00f3rych mo\u017cna zg\u0142osi\u0107 si\u0119 o wsparcie w sytuacjach wymagaj\u0105cych pomocy psychologiczno-pedagogicznej i wychowawczej.<\/strong> Wykaz znajduje si\u0119 r\u00f3wnie\u017c w gablocie przy gabinecie pedagoga szkolnego:<\/p>\n<ul>\n<li><strong>Dyrekcja szko\u0142y &#8211; dy\u017cur dla rodzic\u00f3w i uczni\u00f3w \u2013 \u015broda godz. 15.00 &#8211; 16.30<\/strong><\/li>\n<li><strong>Kuratorium O\u015bwiaty<\/strong> \u2013 wizytatorzy \u2013 Hanna Markowska i Agnieszka Stroynowska \u2013 tel. 91 44 27 542, 91 44 27 545, osobi\u015bcie dy\u017cur w KO w ka\u017cdy poniedzia\u0142ek godz. 15.30 \u2013 17.00;<\/li>\n<li><strong>Poradnia PP Nr 4<\/strong> \u2013 tel. 91 43 27 116, ul. Romera 6, 71-246 Szczecin<\/li>\n<li><strong>Sekcja Interwencji Kryzysowe<\/strong>j czynna ca\u0142\u0105 dob\u0119<br \/>\nul. Sikorskiego 3 (pok. 101) 70 &#8211; 323 Szczecin, Tel. 91 46 46 333,<\/li>\n<li><strong>Sekcja Terapii i Profilaktyki<\/strong>\u00a0 Al. Papie\u017ca Jana Paw\u0142a II 42 (wej\u015bcie od ulicy \u015al\u0105skiej)70 &#8211; 415 Szczecin Tel. 91 46 46 334<\/li>\n<li><strong>BEZP\u0141ATNY TELEFON ZAUFANIA dla DZIECI I M\u0141ODZIE\u017bY 116 111<\/strong><\/li>\n<li><strong>Policyjny telefon zaufania<\/strong> 0800-156-032, 0800-120-226<\/li>\n<li><strong>Policyjny telefon alarmowy<\/strong> 112, 997<\/li>\n<li><strong>O\u015brodek Promocji i Wspierania Rodziny<\/strong> al. Piast\u00f3w 74\/10 (wej\u015bcie od ul. Jagiello\u0144skiej) (sekretariat pon. \u2013 pt. od 11.00 do 16.00; dy\u017cury specjalist\u00f3w pon. \u2013 pt. od 16.00 do 20.00) tel. 091 488 00 10<\/li>\n<li><strong>Terenowy Komitet Ochrony Praw Dziecka<\/strong> ul. Kaszubska 4 (pon. \u2013 pt od 16.00 do 19.00) tel. 091 484 73 42<\/li>\n<li><strong>O\u015brodek Terapii Uzale\u017cnie\u0144 od Alkoholu<\/strong> ul. Ostrowska 7 tel. 091 455 83 43<\/li>\n<li><strong>O\u015brodek Terapii od Alkoholu i Wsp\u00f3\u0142uzale\u017cnienia<\/strong> ul. \u017bo\u0142nierska 55 tel. 091 487 60 70<\/li>\n<li><strong>Zachodniopomorski Oddzia\u0142 Towarzystwa Rodzin i Przyjaci\u00f3\u0142 Dzieci Uzale\u017cnionych &#8222;Powr\u00f3t z U&#8221;<\/strong> Klonowica 1a 71-241 Szczecin Tel.:91 488 83 55<\/li>\n<li><strong>Zachodniopomorski Instytut Psychoterapii<\/strong> ul. Kr\u00f3lowej Korony Polskiej 26\/1a 70-480 Szczecin tel. \/ fax 91 422 60 60<\/li>\n<li><strong>Centrum Psychiatryczne<\/strong> Ul \u017bo\u0142nierska 55 Szczecin Tel. 91 487 60 70<\/li>\n<\/ul>\n","protected":false},"excerpt":{"rendered":"<p>Drodzy Uczniowie i Rodzice, je\u017celi potrzebujecie wsparcia, kontaktu, konsultacji, rozmowy z\u00a0 pedagogiem czy psychologiem ZAPRASZAMY Aneta Krawiec &#8211; Pedagog szkolny tel. bezpo\u015bredni (91) 484-60-07, e-mail pedagog.jedynka@wp.pl. (gabinet pedagoga: parter szko\u0142y) Poniedzia\u0142ek &#8211; 7.45.00-14.45 Wtorek &#8211;\u00a0 7.45-14.45 \u015aroda &#8211; 7.45-14.15 Czwartek &#8211;\u00a0 7.35 -14.45 Pi\u0105tek &#8211;\u00a0 7.45-12.45 Urszula Koz\u0142owska &#8211; Psycholog szkolny Poniedzia\u0142ek &#8211; 7.20 &#8211; [&hellip;]<\/p>\n","protected":false},"author":1,"featured_media":0,"parent":8,"menu_order":7,"comment_status":"closed","ping_status":"closed","template":"","meta":{"footnotes":""},"class_list":["post-41","page","type-page","status-publish","hentry"],"_links":{"self":[{"href":"https:\/\/lo1.szczecin.pl\/index.php\/wp-json\/wp\/v2\/pages\/41","targetHints":{"allow":["GET"]}}],"collection":[{"href":"https:\/\/lo1.szczecin.pl\/index.php\/wp-json\/wp\/v2\/pages"}],"about":[{"href":"https:\/\/lo1.szczecin.pl\/index.php\/wp-json\/wp\/v2\/types\/page"}],"author":[{"embeddable":true,"href":"https:\/\/lo1.szczecin.pl\/index.php\/wp-json\/wp\/v2\/users\/1"}],"replies":[{"embeddable":true,"href":"https:\/\/lo1.szczecin.pl\/index.php\/wp-json\/wp\/v2\/comments?post=41"}],"version-history":[{"count":26,"href":"https:\/\/lo1.szczecin.pl\/index.php\/wp-json\/wp\/v2\/pages\/41\/revisions"}],"predecessor-version":[{"id":7784,"href":"https:\/\/lo1.szczecin.pl\/index.php\/wp-json\/wp\/v2\/pages\/41\/revisions\/7784"}],"up":[{"embeddable":true,"href":"https:\/\/lo1.szczecin.pl\/index.php\/wp-json\/wp\/v2\/pages\/8"}],"wp:attachment":[{"href":"https:\/\/lo1.szczecin.pl\/index.php\/wp-json\/wp\/v2\/media?parent=41"}],"curies":[{"name":"wp","href":"https:\/\/api.w.org\/{rel}","templated":true}]}}