{"id":47,"date":"2017-02-07T12:26:24","date_gmt":"2017-02-07T11:26:24","guid":{"rendered":"http:\/\/serwer1646903.home.pl\/lo1\/?page_id=47"},"modified":"2023-10-27T09:13:43","modified_gmt":"2023-10-27T07:13:43","slug":"zajecia-pozalekcyjne","status":"publish","type":"page","link":"https:\/\/lo1.szczecin.pl\/index.php\/dla-uczniow\/zajecia-pozalekcyjne\/","title":{"rendered":"Konsultacje\/Zaj\u0119cia pozalekcyjne"},"content":{"rendered":"<ul>\n<li><strong>Wykaz godzin dost\u0119pno\u015bci dla uczni\u00f3w i rodzic\u00f3w w roku szkolnym 2023\/2024:<br \/><br \/><\/strong><a href=\"http:\/\/lo1.szczecin.pl\/wp-content\/uploads\/2023\/10\/HARMONOGRAM-KONSULTACJI-NAUCZYCIELI-I-LO-W-ROKU-SZKOLNYM-23-24.pdf\"><strong>HARMONOGRAM W ROKU SZKOLNYM 23-24<\/strong><\/a><\/li>\n<\/ul>\n<p><strong><span style=\"color: #ff0000;\">\u00a0<\/span><\/strong><\/p>\n\n\n<p><\/p>\n","protected":false},"excerpt":{"rendered":"<p>Wykaz godzin dost\u0119pno\u015bci dla uczni\u00f3w i rodzic\u00f3w w roku szkolnym 2023\/2024: HARMONOGRAM W ROKU SZKOLNYM 23-24 \u00a0<\/p>\n","protected":false},"author":1,"featured_media":0,"parent":10,"menu_order":0,"comment_status":"closed","ping_status":"closed","template":"","meta":{"footnotes":""},"class_list":["post-47","page","type-page","status-publish","hentry"],"_links":{"self":[{"href":"https:\/\/lo1.szczecin.pl\/index.php\/wp-json\/wp\/v2\/pages\/47","targetHints":{"allow":["GET"]}}],"collection":[{"href":"https:\/\/lo1.szczecin.pl\/index.php\/wp-json\/wp\/v2\/pages"}],"about":[{"href":"https:\/\/lo1.szczecin.pl\/index.php\/wp-json\/wp\/v2\/types\/page"}],"author":[{"embeddable":true,"href":"https:\/\/lo1.szczecin.pl\/index.php\/wp-json\/wp\/v2\/users\/1"}],"replies":[{"embeddable":true,"href":"https:\/\/lo1.szczecin.pl\/index.php\/wp-json\/wp\/v2\/comments?post=47"}],"version-history":[{"count":20,"href":"https:\/\/lo1.szczecin.pl\/index.php\/wp-json\/wp\/v2\/pages\/47\/revisions"}],"predecessor-version":[{"id":6363,"href":"https:\/\/lo1.szczecin.pl\/index.php\/wp-json\/wp\/v2\/pages\/47\/revisions\/6363"}],"up":[{"embeddable":true,"href":"https:\/\/lo1.szczecin.pl\/index.php\/wp-json\/wp\/v2\/pages\/10"}],"wp:attachment":[{"href":"https:\/\/lo1.szczecin.pl\/index.php\/wp-json\/wp\/v2\/media?parent=47"}],"curies":[{"name":"wp","href":"https:\/\/api.w.org\/{rel}","templated":true}]}}

Konsultacje/Zajęcia pozalekcyjne

<ul>
<li><strong>Wykaz godzin dostępności dla uczniów i rodziców w roku szkolnym 2023/2024:<br /><br /></strong><a href="http://lo1.szczecin.pl/wp-content/uploads/2023/10/HARMONOGRAM-KONSULTACJI-NAUCZYCIELI-I-LO-W-ROKU-SZKOLNYM-23-24.pdf"><strong>HARMONOGRAM W ROKU SZKOLNYM 23-24</strong></a></li>
</ul>
<p><strong><span style="color: #ff0000;"> </span></strong></p>


<p></p>

<p>Wykaz godzin dostępności dla uczniów i rodziców w roku szkolnym 2023/2024: HARMONOGRAM W ROKU SZKOLNYM 23-24  </p>
