{"id":5194,"date":"2022-08-12T10:58:21","date_gmt":"2022-08-12T08:58:21","guid":{"rendered":"http:\/\/lo1.szczecin.pl\/?page_id=5194"},"modified":"2022-09-23T11:00:42","modified_gmt":"2022-09-23T09:00:42","slug":"wymiana-paryz","status":"publish","type":"page","link":"https:\/\/lo1.szczecin.pl\/index.php\/erasmus\/projekt-sui-palchi-di-scuola\/wymiana-paryz\/","title":{"rendered":"Mobility Erasmus Plus Pary\u017c"},"content":{"rendered":"\n<figure class=\"wp-block-image size-large is-resized\"><img loading=\"lazy\" decoding=\"async\" src=\"http:\/\/lo1.szczecin.pl\/wp-content\/uploads\/2022\/08\/Zdecie-Logo-projektu-1.jpg\" alt=\"\" class=\"wp-image-5216\" width=\"230\" height=\"249\" srcset=\"https:\/\/lo1.szczecin.pl\/wp-content\/uploads\/2022\/08\/Zdecie-Logo-projektu-1.jpg 436w, https:\/\/lo1.szczecin.pl\/wp-content\/uploads\/2022\/08\/Zdecie-Logo-projektu-1-277x300.jpg 277w\" sizes=\"auto, (max-width: 230px) 100vw, 230px\" \/><\/figure>\n\n\n\n<div class=\"wp-block-image\"><figure class=\"aligncenter size-large\"><img loading=\"lazy\" decoding=\"async\" width=\"300\" height=\"126\" src=\"http:\/\/lo1.szczecin.pl\/wp-content\/uploads\/2022\/08\/logo-Erasmus-300x126-1.jpg\" alt=\"\" class=\"wp-image-5214\"\/><\/figure><\/div>\n\n\n\n<div class=\"wp-block-file\"><a href=\"http:\/\/lo1.szczecin.pl\/wp-content\/uploads\/2022\/09\/Dokument-Odwolanie-Paryz-styczen-2022.pdf\"><strong>Dokument-Odwolanie-Paryz-styczen-2022<\/strong><\/a><a href=\"http:\/\/lo1.szczecin.pl\/wp-content\/uploads\/2022\/09\/Dokument-Odwolanie-Paryz-styczen-2022.pdf\" class=\"wp-block-file__button\" download>Pobierz<\/a><\/div>\n\n\n\n<p><strong>MOBILITY ERASMUS PLUS \u2013 PARY\u017b W DNIACH&nbsp;06 -11 MARCA 2022&nbsp;&nbsp;&nbsp;&nbsp;&nbsp;&nbsp;&nbsp;&nbsp;&nbsp;&nbsp;&nbsp;<\/strong><\/p>\n\n\n\n<p><strong>Progetto &#8211;&nbsp; \u201e Sui palchi di scuola\u201d- KA 229 2019-1-IT02-KA229-062311_5<\/strong><\/p>\n\n\n\n<div class=\"wp-block-file\"><a href=\"http:\/\/lo1.szczecin.pl\/wp-content\/uploads\/2022\/08\/Program-Paryz-C17.pdf\"><strong>Program-Pary\u017c<\/strong><\/a><a href=\"http:\/\/lo1.szczecin.pl\/wp-content\/uploads\/2022\/08\/Program-Paryz-C17.pdf\" class=\"wp-block-file__button\" download>Pobierz<\/a><\/div>\n\n\n\n<p><strong>Tytu\u0142 spotkania to:<\/strong><\/p>\n\n\n\n<p>&#8222;<strong>Otw\u00f3rz si\u0119 na \u017cycie, zmie\u0144 swoje my\u015blenie\u201d.<\/strong><\/p>\n\n\n\n<p><strong>&nbsp;&nbsp;&nbsp;&nbsp;&nbsp;&nbsp;&nbsp;&nbsp;&nbsp;&nbsp; <\/strong><strong>Ta mobilno\u015b\u0107 by\u0142a zaplanowana na stycze\u0144 2022, lecz zosta\u0142a anulowana z powodu wzrostu we Francji zachorowa\u0144 na Covid 19. Kieruj\u0105c si\u0119 zmniejszaj\u0105c\u0105 si\u0119 ich liczb\u0105 postanowiono wr\u00f3ci\u0107 do jej organizacji, co mia\u0142o miejsce w dniach od 06 \u2013 11 marca 2022.<\/strong><strong><\/strong><\/p>\n\n\n\n<p><strong>&nbsp;&nbsp;&nbsp;&nbsp;&nbsp;&nbsp;&nbsp;&nbsp;&nbsp;&nbsp;&nbsp;&nbsp; W tej aktywno\u015bci wzi\u0119\u0142o udzia\u0142 2 nauczycieli oraz 4 uczni\u00f3w z Polski, Grecji, W\u0142och \u2013 2, Hiszpanii oraz Francji. Kadra pracowa\u0142a nad dokumentacj\u0105 (mobility tool, e-twinning) oraz wynikami badania wp\u0142ywu teatru na kszta\u0142towanie osobowo\u015bci m\u0142odego europejczyka \u2013 kwestionariusze). Uczniowie, natomiast codziennie podczas warsztat\u00f3w z re\u017cyserem Alessandro Fiorella&nbsp; przygotowywali si\u0119 do wyst\u0119pu finalnego pracuj\u0105c nad sztuk\u0105 Dario Fo \u201e Przypadkowa \u015bmier\u0107 anarchisty\u201d. Laboratorium teatralne by\u0142o prowadzone przez tego specjalist\u0119 teatralnego w spos\u00f3b niezwykle anga\u017cuj\u0105cy m\u0142odzie\u017c pod wzgl\u0119dem ruchu scenicznego, ta\u0144ca, \u015bpiewu oraz r\u00f3\u017cnego typu akcesori\u00f3w pomocniczych (stroje, kije, instrumenty). W show ko\u0144cowym wzi\u0119li udzia\u0142 cz\u0142onkowie Akademii Wersalskiej.<\/strong><\/p>\n\n\n\n<p><strong>&nbsp;&nbsp;&nbsp;&nbsp;&nbsp;&nbsp;&nbsp;&nbsp;&nbsp; Dzi\u0119ki tej mobilno\u015bci osi\u0105gni\u0119to postawiony cel \u2013 umiej\u0119tno\u015b\u0107 wykorzystania \u015brodk\u00f3w komunikacji (r\u00f3\u017cnorodno\u015b\u0107 j\u0119zykowa) konfrontuj\u0105c si\u0119 z odmiennymi kulturami, zacie\u015bniaj\u0105c wzajemn\u0105 wsp\u00f3\u0142prac\u0119 oraz przyja\u017a\u0144. Zaobserwowano r\u00f3wnie\u017c wi\u0119ksz\u0105 elastyczno\u015b\u0107 i ciekawo\u015b\u0107 w stron\u0119 nieznanego oraz innego. Poznano r\u00f3wnie\u017c bli\u017cej kultur\u0119 i architektur\u0119 Pary\u017ca. Dzi\u0119ki temu spotkaniu zauwa\u017cono r\u00f3wnie\u017c zmiany jakie zachodz\u0105 w teatrze europejskim w tak niestabilnej sytuacji mi\u0119dzynarodowej (pandemia, polityka).<\/strong><\/p>\n\n\n\n<div class=\"wp-block-image\"><figure class=\"aligncenter size-large\"><img loading=\"lazy\" decoding=\"async\" width=\"1024\" height=\"498\" src=\"http:\/\/lo1.szczecin.pl\/wp-content\/uploads\/2022\/08\/zdjecie-4-Paryz-C17-1024x498.jpg\" alt=\"\" class=\"wp-image-5252\" srcset=\"https:\/\/lo1.szczecin.pl\/wp-content\/uploads\/2022\/08\/zdjecie-4-Paryz-C17-1024x498.jpg 1024w, https:\/\/lo1.szczecin.pl\/wp-content\/uploads\/2022\/08\/zdjecie-4-Paryz-C17-300x146.jpg 300w, https:\/\/lo1.szczecin.pl\/wp-content\/uploads\/2022\/08\/zdjecie-4-Paryz-C17-768x373.jpg 768w, https:\/\/lo1.szczecin.pl\/wp-content\/uploads\/2022\/08\/zdjecie-4-Paryz-C17-1536x746.jpg 1536w, https:\/\/lo1.szczecin.pl\/wp-content\/uploads\/2022\/08\/zdjecie-4-Paryz-C17-2048x995.jpg 2048w\" sizes=\"auto, (max-width: 1024px) 100vw, 1024px\" \/><\/figure><\/div>\n\n\n\n<figure class=\"wp-block-image size-large is-resized\"><img loading=\"lazy\" decoding=\"async\" src=\"http:\/\/lo1.szczecin.pl\/wp-content\/uploads\/2022\/08\/Zdjecie-Koordynatorzy-.-Paryz-C-17-1024x576.jpg\" alt=\"\" class=\"wp-image-5253\" width=\"581\" height=\"326\" srcset=\"https:\/\/lo1.szczecin.pl\/wp-content\/uploads\/2022\/08\/Zdjecie-Koordynatorzy-.-Paryz-C-17-1024x576.jpg 1024w, https:\/\/lo1.szczecin.pl\/wp-content\/uploads\/2022\/08\/Zdjecie-Koordynatorzy-.-Paryz-C-17-300x169.jpg 300w, https:\/\/lo1.szczecin.pl\/wp-content\/uploads\/2022\/08\/Zdjecie-Koordynatorzy-.-Paryz-C-17-768x432.jpg 768w, https:\/\/lo1.szczecin.pl\/wp-content\/uploads\/2022\/08\/Zdjecie-Koordynatorzy-.-Paryz-C-17-1536x864.jpg 1536w, https:\/\/lo1.szczecin.pl\/wp-content\/uploads\/2022\/08\/Zdjecie-Koordynatorzy-.-Paryz-C-17.jpg 2016w\" sizes=\"auto, (max-width: 581px) 100vw, 581px\" \/><\/figure>\n\n\n\n<div class=\"wp-block-image\"><figure class=\"aligncenter size-large\"><img loading=\"lazy\" decoding=\"async\" width=\"1024\" height=\"683\" src=\"http:\/\/lo1.szczecin.pl\/wp-content\/uploads\/2022\/08\/zdjecie-Paryz-3-C17-1024x683.jpg\" alt=\"\" class=\"wp-image-5255\" srcset=\"https:\/\/lo1.szczecin.pl\/wp-content\/uploads\/2022\/08\/zdjecie-Paryz-3-C17-1024x683.jpg 1024w, https:\/\/lo1.szczecin.pl\/wp-content\/uploads\/2022\/08\/zdjecie-Paryz-3-C17-300x200.jpg 300w, https:\/\/lo1.szczecin.pl\/wp-content\/uploads\/2022\/08\/zdjecie-Paryz-3-C17-768x512.jpg 768w, https:\/\/lo1.szczecin.pl\/wp-content\/uploads\/2022\/08\/zdjecie-Paryz-3-C17-1536x1024.jpg 1536w, https:\/\/lo1.szczecin.pl\/wp-content\/uploads\/2022\/08\/zdjecie-Paryz-3-C17-2048x1365.jpg 2048w\" sizes=\"auto, (max-width: 1024px) 100vw, 1024px\" \/><\/figure><\/div>\n\n\n\n<p><strong>Filmik spektakl Pary\u017c <\/strong><br><\/p>\n","protected":false},"excerpt":{"rendered":"<p>MOBILITY ERASMUS PLUS \u2013 PARY\u017b W DNIACH&nbsp;06 -11 MARCA 2022&nbsp;&nbsp;&nbsp;&nbsp;&nbsp;&nbsp;&nbsp;&nbsp;&nbsp;&nbsp;&nbsp; Progetto &#8211;&nbsp; \u201e Sui palchi di scuola\u201d- KA 229 2019-1-IT02-KA229-062311_5 Tytu\u0142 spotkania to: &#8222;Otw\u00f3rz si\u0119 na \u017cycie, zmie\u0144 swoje my\u015blenie\u201d. &nbsp;&nbsp;&nbsp;&nbsp;&nbsp;&nbsp;&nbsp;&nbsp;&nbsp;&nbsp; Ta mobilno\u015b\u0107 by\u0142a zaplanowana na stycze\u0144 2022, lecz zosta\u0142a anulowana z powodu wzrostu we Francji zachorowa\u0144 na Covid 19. Kieruj\u0105c si\u0119 zmniejszaj\u0105c\u0105 si\u0119 ich [&hellip;]<\/p>\n","protected":false},"author":1,"featured_media":0,"parent":4819,"menu_order":5,"comment_status":"closed","ping_status":"closed","template":"","meta":{"footnotes":""},"class_list":["post-5194","page","type-page","status-publish","hentry"],"_links":{"self":[{"href":"https:\/\/lo1.szczecin.pl\/index.php\/wp-json\/wp\/v2\/pages\/5194","targetHints":{"allow":["GET"]}}],"collection":[{"href":"https:\/\/lo1.szczecin.pl\/index.php\/wp-json\/wp\/v2\/pages"}],"about":[{"href":"https:\/\/lo1.szczecin.pl\/index.php\/wp-json\/wp\/v2\/types\/page"}],"author":[{"embeddable":true,"href":"https:\/\/lo1.szczecin.pl\/index.php\/wp-json\/wp\/v2\/users\/1"}],"replies":[{"embeddable":true,"href":"https:\/\/lo1.szczecin.pl\/index.php\/wp-json\/wp\/v2\/comments?post=5194"}],"version-history":[{"count":7,"href":"https:\/\/lo1.szczecin.pl\/index.php\/wp-json\/wp\/v2\/pages\/5194\/revisions"}],"predecessor-version":[{"id":5449,"href":"https:\/\/lo1.szczecin.pl\/index.php\/wp-json\/wp\/v2\/pages\/5194\/revisions\/5449"}],"up":[{"embeddable":true,"href":"https:\/\/lo1.szczecin.pl\/index.php\/wp-json\/wp\/v2\/pages\/4819"}],"wp:attachment":[{"href":"https:\/\/lo1.szczecin.pl\/index.php\/wp-json\/wp\/v2\/media?parent=5194"}],"curies":[{"name":"wp","href":"https:\/\/api.w.org\/{rel}","templated":true}]}}

Mobility Erasmus Plus Paryż

<figure class="wp-block-image size-large is-resized"><img loading="lazy" decoding="async" src="http://lo1.szczecin.pl/wp-content/uploads/2022/08/Zdecie-Logo-projektu-1.jpg" alt="" class="wp-image-5216" width="230" height="249" srcset="https://lo1.szczecin.pl/wp-content/uploads/2022/08/Zdecie-Logo-projektu-1.jpg 436w, https://lo1.szczecin.pl/wp-content/uploads/2022/08/Zdecie-Logo-projektu-1-277x300.jpg 277w" sizes="auto, (max-width: 230px) 100vw, 230px" /></figure>



<div class="wp-block-image"><figure class="aligncenter size-large"><img loading="lazy" decoding="async" width="300" height="126" src="http://lo1.szczecin.pl/wp-content/uploads/2022/08/logo-Erasmus-300x126-1.jpg" alt="" class="wp-image-5214"/></figure></div>



<div class="wp-block-file"><a href="http://lo1.szczecin.pl/wp-content/uploads/2022/09/Dokument-Odwolanie-Paryz-styczen-2022.pdf"><strong>Dokument-Odwolanie-Paryz-styczen-2022</strong></a><a href="http://lo1.szczecin.pl/wp-content/uploads/2022/09/Dokument-Odwolanie-Paryz-styczen-2022.pdf" class="wp-block-file__button" download>Pobierz</a></div>



<p><strong>MOBILITY ERASMUS PLUS – PARYŻ W DNIACH&nbsp;06 -11 MARCA 2022&nbsp;&nbsp;&nbsp;&nbsp;&nbsp;&nbsp;&nbsp;&nbsp;&nbsp;&nbsp;&nbsp;</strong></p>



<p><strong>Progetto &#8211;&nbsp; „ Sui palchi di scuola”- KA 229 2019-1-IT02-KA229-062311_5</strong></p>



<div class="wp-block-file"><a href="http://lo1.szczecin.pl/wp-content/uploads/2022/08/Program-Paryz-C17.pdf"><strong>Program-Paryż</strong></a><a href="http://lo1.szczecin.pl/wp-content/uploads/2022/08/Program-Paryz-C17.pdf" class="wp-block-file__button" download>Pobierz</a></div>



<p><strong>Tytuł spotkania to:</strong></p>



<p>&#8222;<strong>Otwórz się na życie, zmień swoje myślenie”.</strong></p>



<p><strong>&nbsp;&nbsp;&nbsp;&nbsp;&nbsp;&nbsp;&nbsp;&nbsp;&nbsp;&nbsp; </strong><strong>Ta mobilność była zaplanowana na styczeń 2022, lecz została anulowana z powodu wzrostu we Francji zachorowań na Covid 19. Kierując się zmniejszającą się ich liczbą postanowiono wrócić do jej organizacji, co miało miejsce w dniach od 06 – 11 marca 2022.</strong><strong></strong></p>



<p><strong>&nbsp;&nbsp;&nbsp;&nbsp;&nbsp;&nbsp;&nbsp;&nbsp;&nbsp;&nbsp;&nbsp;&nbsp; W tej aktywności wzięło udział 2 nauczycieli oraz 4 uczniów z Polski, Grecji, Włoch – 2, Hiszpanii oraz Francji. Kadra pracowała nad dokumentacją (mobility tool, e-twinning) oraz wynikami badania wpływu teatru na kształtowanie osobowości młodego europejczyka – kwestionariusze). Uczniowie, natomiast codziennie podczas warsztatów z reżyserem Alessandro Fiorella&nbsp; przygotowywali się do występu finalnego pracując nad sztuką Dario Fo „ Przypadkowa śmierć anarchisty”. Laboratorium teatralne było prowadzone przez tego specjalistę teatralnego w sposób niezwykle angażujący młodzież pod względem ruchu scenicznego, tańca, śpiewu oraz różnego typu akcesoriów pomocniczych (stroje, kije, instrumenty). W show końcowym wzięli udział członkowie Akademii Wersalskiej.</strong></p>



<p><strong>&nbsp;&nbsp;&nbsp;&nbsp;&nbsp;&nbsp;&nbsp;&nbsp;&nbsp; Dzięki tej mobilności osiągnięto postawiony cel – umiejętność wykorzystania środków komunikacji (różnorodność językowa) konfrontując się z odmiennymi kulturami, zacieśniając wzajemną współpracę oraz przyjaźń. Zaobserwowano również większą elastyczność i ciekawość w stronę nieznanego oraz innego. Poznano również bliżej kulturę i architekturę Paryża. Dzięki temu spotkaniu zauważono również zmiany jakie zachodzą w teatrze europejskim w tak niestabilnej sytuacji międzynarodowej (pandemia, polityka).</strong></p>



<div class="wp-block-image"><figure class="aligncenter size-large"><img loading="lazy" decoding="async" width="1024" height="498" src="http://lo1.szczecin.pl/wp-content/uploads/2022/08/zdjecie-4-Paryz-C17-1024x498.jpg" alt="" class="wp-image-5252" srcset="https://lo1.szczecin.pl/wp-content/uploads/2022/08/zdjecie-4-Paryz-C17-1024x498.jpg 1024w, https://lo1.szczecin.pl/wp-content/uploads/2022/08/zdjecie-4-Paryz-C17-300x146.jpg 300w, https://lo1.szczecin.pl/wp-content/uploads/2022/08/zdjecie-4-Paryz-C17-768x373.jpg 768w, https://lo1.szczecin.pl/wp-content/uploads/2022/08/zdjecie-4-Paryz-C17-1536x746.jpg 1536w, https://lo1.szczecin.pl/wp-content/uploads/2022/08/zdjecie-4-Paryz-C17-2048x995.jpg 2048w" sizes="auto, (max-width: 1024px) 100vw, 1024px" /></figure></div>



<figure class="wp-block-image size-large is-resized"><img loading="lazy" decoding="async" src="http://lo1.szczecin.pl/wp-content/uploads/2022/08/Zdjecie-Koordynatorzy-.-Paryz-C-17-1024x576.jpg" alt="" class="wp-image-5253" width="581" height="326" srcset="https://lo1.szczecin.pl/wp-content/uploads/2022/08/Zdjecie-Koordynatorzy-.-Paryz-C-17-1024x576.jpg 1024w, https://lo1.szczecin.pl/wp-content/uploads/2022/08/Zdjecie-Koordynatorzy-.-Paryz-C-17-300x169.jpg 300w, https://lo1.szczecin.pl/wp-content/uploads/2022/08/Zdjecie-Koordynatorzy-.-Paryz-C-17-768x432.jpg 768w, https://lo1.szczecin.pl/wp-content/uploads/2022/08/Zdjecie-Koordynatorzy-.-Paryz-C-17-1536x864.jpg 1536w, https://lo1.szczecin.pl/wp-content/uploads/2022/08/Zdjecie-Koordynatorzy-.-Paryz-C-17.jpg 2016w" sizes="auto, (max-width: 581px) 100vw, 581px" /></figure>



<div class="wp-block-image"><figure class="aligncenter size-large"><img loading="lazy" decoding="async" width="1024" height="683" src="http://lo1.szczecin.pl/wp-content/uploads/2022/08/zdjecie-Paryz-3-C17-1024x683.jpg" alt="" class="wp-image-5255" srcset="https://lo1.szczecin.pl/wp-content/uploads/2022/08/zdjecie-Paryz-3-C17-1024x683.jpg 1024w, https://lo1.szczecin.pl/wp-content/uploads/2022/08/zdjecie-Paryz-3-C17-300x200.jpg 300w, https://lo1.szczecin.pl/wp-content/uploads/2022/08/zdjecie-Paryz-3-C17-768x512.jpg 768w, https://lo1.szczecin.pl/wp-content/uploads/2022/08/zdjecie-Paryz-3-C17-1536x1024.jpg 1536w, https://lo1.szczecin.pl/wp-content/uploads/2022/08/zdjecie-Paryz-3-C17-2048x1365.jpg 2048w" sizes="auto, (max-width: 1024px) 100vw, 1024px" /></figure></div>



<p><strong>Filmik spektakl Paryż </strong><br></p>

<p>MOBILITY ERASMUS PLUS – PARYŻ W DNIACH&nbsp;06 -11 MARCA 2022&nbsp;&nbsp;&nbsp;&nbsp;&nbsp;&nbsp;&nbsp;&nbsp;&nbsp;&nbsp;&nbsp; Progetto &#8211;&nbsp; „ Sui palchi di scuola”- KA 229 2019-1-IT02-KA229-062311_5 Tytuł spotkania to: &#8222;Otwórz się na życie, zmień swoje myślenie”. &nbsp;&nbsp;&nbsp;&nbsp;&nbsp;&nbsp;&nbsp;&nbsp;&nbsp;&nbsp; Ta mobilność była zaplanowana na styczeń 2022, lecz została anulowana z powodu wzrostu we Francji zachorowań na Covid 19. Kierując się zmniejszającą się ich [&hellip;]</p>
