{"id":6741,"date":"2024-04-10T17:53:57","date_gmt":"2024-04-10T15:53:57","guid":{"rendered":"https:\/\/lo1.szczecin.pl\/?page_id=6741"},"modified":"2024-04-30T15:28:08","modified_gmt":"2024-04-30T13:28:08","slug":"aktualnosci","status":"publish","type":"page","link":"https:\/\/lo1.szczecin.pl\/index.php\/jubileusz-80-lecia-szkoly\/aktualnosci\/","title":{"rendered":"Aktualno\u015bci"},"content":{"rendered":"\n<hr class=\"wp-block-separator has-alpha-channel-opacity\"\/>\n\n\n\n<p><strong>Planujemy nast\u0119puj\u0105ce wydarzenia:<\/strong><\/p>\n\n\n\n<ul class=\"wp-block-list\">\n<li>wydanie zaktualizowanej i poprawionej monografii szko\u0142y autorstwa nauczyciela I LO <br>p. Miros\u0142awy Piaskowskiej-Majzel, przy wsparciu redakcyjnym p. Jolanty Obuchowicz,<\/li>\n\n\n\n<li>uroczyste rozpocz\u0119cie roku szkolnego 2025\/2026 z udzia\u0142em absolwent\u00f3w, uczni\u00f3w i w\u0142adz o\u015bwiatowych (harmonogram udost\u0119pnimy  po doprecyzowaniu do 20.06.2025 r.)<\/li>\n\n\n\n<li>Bal Absolwent\u00f3w &#8211; cz\u0119\u015b\u0107 nieoficjalna, na kt\u00f3rej b\u0119dziemy wsp\u00f3lnie si\u0119 bawi\u0107, wspomina\u0107 <br>i integrowa\u0107. To wydarzenie dedykowane wy\u0142\u0105cznie absolwentom I LO i ich go\u015bciom oraz nauczycielom. Planowany termin 6.09.2025 r. <\/li>\n<\/ul>\n\n\n\n<hr class=\"wp-block-separator has-alpha-channel-opacity\"\/>\n\n\n\n<p class=\"has-text-align-center\"><strong>W zwi\u0105zku ze zbli\u017caj\u0105cym si\u0119 Jubileuszem 80-lecia szko\u0142y, kt\u00f3rego uroczysto\u015b\u0107 b\u0119dziemy obchodzi\u0107 we wrze\u015bniu 2025 r., serdecznie zapraszamy  wszystkich absolwent\u00f3w <\/strong><br><strong>i sympatyk\u00f3w naszego liceum do zainteresowania si\u0119 t\u0105 uroczysto\u015bci\u0105. <\/strong><br><strong>Liczymy na Pa\u0144stwa w\u0142\u0105czenie si\u0119 w organizacj\u0119, pomys\u0142y, inicjatywy oraz wsparcie finansowe. <\/strong><br>Chcemy, by by\u0142 to wa\u017cny dzie\u0144 dla ca\u0142ej naszej spo\u0142eczno\u015bci &#8211; Pa\u0144stwa Absolwent\u00f3w ale tak\u017ce obecnych uczni\u00f3w, ich rodzic\u00f3w, nauczycieli, wszystkich pracownik\u00f3w szko\u0142y, emeryt\u00f3w. <br>Poczujmy si\u0119 wsp\u00f3lnot\u0105 i sprawmy, by by\u0142 to dzie\u0144 wyj\u0105tkowy w historii szko\u0142y. <br>Uprzejmie informujemy, \u017ce b\u0119d\u0105 tu zamieszczane aktualne informacje, zwi\u0105zane <br>z przygotowaniami do Jubileuszu.<\/p>\n\n\n\n<p class=\"has-text-align-left\"><br><br><br><\/p>\n","protected":false},"excerpt":{"rendered":"<p>Planujemy nast\u0119puj\u0105ce wydarzenia: W zwi\u0105zku ze zbli\u017caj\u0105cym si\u0119 Jubileuszem 80-lecia szko\u0142y, kt\u00f3rego uroczysto\u015b\u0107 b\u0119dziemy obchodzi\u0107 we wrze\u015bniu 2025 r., serdecznie zapraszamy wszystkich absolwent\u00f3w i sympatyk\u00f3w naszego liceum do zainteresowania si\u0119 t\u0105 uroczysto\u015bci\u0105. Liczymy na Pa\u0144stwa w\u0142\u0105czenie si\u0119 w organizacj\u0119, pomys\u0142y, inicjatywy oraz wsparcie finansowe. Chcemy, by by\u0142 to wa\u017cny dzie\u0144 dla ca\u0142ej naszej spo\u0142eczno\u015bci &#8211; [&hellip;]<\/p>\n","protected":false},"author":1,"featured_media":0,"parent":6738,"menu_order":0,"comment_status":"closed","ping_status":"closed","template":"","meta":{"footnotes":""},"class_list":["post-6741","page","type-page","status-publish","hentry"],"_links":{"self":[{"href":"https:\/\/lo1.szczecin.pl\/index.php\/wp-json\/wp\/v2\/pages\/6741","targetHints":{"allow":["GET"]}}],"collection":[{"href":"https:\/\/lo1.szczecin.pl\/index.php\/wp-json\/wp\/v2\/pages"}],"about":[{"href":"https:\/\/lo1.szczecin.pl\/index.php\/wp-json\/wp\/v2\/types\/page"}],"author":[{"embeddable":true,"href":"https:\/\/lo1.szczecin.pl\/index.php\/wp-json\/wp\/v2\/users\/1"}],"replies":[{"embeddable":true,"href":"https:\/\/lo1.szczecin.pl\/index.php\/wp-json\/wp\/v2\/comments?post=6741"}],"version-history":[{"count":8,"href":"https:\/\/lo1.szczecin.pl\/index.php\/wp-json\/wp\/v2\/pages\/6741\/revisions"}],"predecessor-version":[{"id":6824,"href":"https:\/\/lo1.szczecin.pl\/index.php\/wp-json\/wp\/v2\/pages\/6741\/revisions\/6824"}],"up":[{"embeddable":true,"href":"https:\/\/lo1.szczecin.pl\/index.php\/wp-json\/wp\/v2\/pages\/6738"}],"wp:attachment":[{"href":"https:\/\/lo1.szczecin.pl\/index.php\/wp-json\/wp\/v2\/media?parent=6741"}],"curies":[{"name":"wp","href":"https:\/\/api.w.org\/{rel}","templated":true}]}}

Aktualności

<hr class="wp-block-separator has-alpha-channel-opacity"/>



<p><strong>Planujemy następujące wydarzenia:</strong></p>



<ul class="wp-block-list">
<li>wydanie zaktualizowanej i poprawionej monografii szkoły autorstwa nauczyciela I LO <br>p. Mirosławy Piaskowskiej-Majzel, przy wsparciu redakcyjnym p. Jolanty Obuchowicz,</li>



<li>uroczyste rozpoczęcie roku szkolnego 2025/2026 z udziałem absolwentów, uczniów i władz oświatowych (harmonogram udostępnimy  po doprecyzowaniu do 20.06.2025 r.)</li>



<li>Bal Absolwentów &#8211; część nieoficjalna, na której będziemy wspólnie się bawić, wspominać <br>i integrować. To wydarzenie dedykowane wyłącznie absolwentom I LO i ich gościom oraz nauczycielom. Planowany termin 6.09.2025 r. </li>
</ul>



<hr class="wp-block-separator has-alpha-channel-opacity"/>



<p class="has-text-align-center"><strong>W związku ze zbliżającym się Jubileuszem 80-lecia szkoły, którego uroczystość będziemy obchodzić we wrześniu 2025 r., serdecznie zapraszamy  wszystkich absolwentów </strong><br><strong>i sympatyków naszego liceum do zainteresowania się tą uroczystością. </strong><br><strong>Liczymy na Państwa włączenie się w organizację, pomysły, inicjatywy oraz wsparcie finansowe. </strong><br>Chcemy, by był to ważny dzień dla całej naszej społeczności &#8211; Państwa Absolwentów ale także obecnych uczniów, ich rodziców, nauczycieli, wszystkich pracowników szkoły, emerytów. <br>Poczujmy się wspólnotą i sprawmy, by był to dzień wyjątkowy w historii szkoły. <br>Uprzejmie informujemy, że będą tu zamieszczane aktualne informacje, związane <br>z przygotowaniami do Jubileuszu.</p>



<p class="has-text-align-left"><br><br><br></p>

<p>Planujemy następujące wydarzenia: W związku ze zbliżającym się Jubileuszem 80-lecia szkoły, którego uroczystość będziemy obchodzić we wrześniu 2025 r., serdecznie zapraszamy wszystkich absolwentów i sympatyków naszego liceum do zainteresowania się tą uroczystością. Liczymy na Państwa włączenie się w organizację, pomysły, inicjatywy oraz wsparcie finansowe. Chcemy, by był to ważny dzień dla całej naszej społeczności &#8211; [&hellip;]</p>
