{"id":6743,"date":"2024-04-10T17:55:10","date_gmt":"2024-04-10T15:55:10","guid":{"rendered":"https:\/\/lo1.szczecin.pl\/?page_id=6743"},"modified":"2025-08-08T11:36:40","modified_gmt":"2025-08-08T09:36:40","slug":"harmonogram-obchodow","status":"publish","type":"page","link":"https:\/\/lo1.szczecin.pl\/index.php\/jubileusz-80-lecia-szkoly\/harmonogram-obchodow\/","title":{"rendered":"Harmonogram obchod\u00f3w"},"content":{"rendered":"\n<p><strong>Ramowy Plan Jubileuszu 80-lecia I LO w Szczecinie  w dniach 05-07 wrze\u015bnia 2025 r.<\/strong><\/p>\n\n\n\n<p><strong>05 wrze\u015bnia (pi\u0105tek)<\/strong><br><strong>godz. 12.00 &#8211; 13.45<\/strong> &#8211; uroczysto\u015b\u0107 oficjalna w auli szkolnej po\u0142\u0105czona ze \u015blubowaniem uczni\u00f3w klas pierwszych, z udzia\u0142em zaproszonych go\u015bci,<br><strong>godz. 14.00 &#8211; 19.00<\/strong> &#8211; popo\u0142udnie otwartych drzwi dla Absolwent\u00f3w (w wyznaczonych salach lekcyjnych), po\u0142\u0105czone z okoliczno\u015bciowymi wystawami i prezentacjami.<\/p>\n\n\n\n<p><strong>06 wrze\u015bnia (sobota)<\/strong><br><strong>godz. 10.00 &#8211; 13.00<\/strong> &#8211; sport \u0142\u0105czy pokolenia (rozgrywki mi\u0119dzy Uczniami i Absolwentami)<br><strong>godz. 19.00 &#8211; 2.00 <\/strong>&#8211; Bal Jubileuszowy z udzia\u0142em Absolwent\u00f3w i Nauczycieli.<\/p>\n\n\n\n<p><strong>07 wrze\u015bnia (niedziela)<\/strong><br><strong>godz. 12.30 <\/strong>&#8211; Msza \u015bw. w intencji Spo\u0142eczno\u015bci I LO w ko\u015bciele o.Jezuit\u00f3w przy ul. Pocztowej 22,<br><strong>godz. 14.00<\/strong> &#8211; spotkanie przy grobie Pani Dyrektor Janiny Szczerskiej (Cmentarz Centralny, Aleja Zas\u0142u\u017conych), przej\u015bcie do grobu Pana Dyrektora Jana Trzeciaka oraz innych \u015b.p. Nauczycieli I LO.<br><br><\/p>\n\n\n\n<p><\/p>\n","protected":false},"excerpt":{"rendered":"<p>Ramowy Plan Jubileuszu 80-lecia I LO w Szczecinie w dniach 05-07 wrze\u015bnia 2025 r. 05 wrze\u015bnia (pi\u0105tek)godz. 12.00 &#8211; 13.45 &#8211; uroczysto\u015b\u0107 oficjalna w auli szkolnej po\u0142\u0105czona ze \u015blubowaniem uczni\u00f3w klas pierwszych, z udzia\u0142em zaproszonych go\u015bci,godz. 14.00 &#8211; 19.00 &#8211; popo\u0142udnie otwartych drzwi dla Absolwent\u00f3w (w wyznaczonych salach lekcyjnych), po\u0142\u0105czone z okoliczno\u015bciowymi wystawami i prezentacjami. [&hellip;]<\/p>\n","protected":false},"author":1,"featured_media":0,"parent":6738,"menu_order":1,"comment_status":"closed","ping_status":"closed","template":"","meta":{"footnotes":""},"class_list":["post-6743","page","type-page","status-publish","hentry"],"_links":{"self":[{"href":"https:\/\/lo1.szczecin.pl\/index.php\/wp-json\/wp\/v2\/pages\/6743","targetHints":{"allow":["GET"]}}],"collection":[{"href":"https:\/\/lo1.szczecin.pl\/index.php\/wp-json\/wp\/v2\/pages"}],"about":[{"href":"https:\/\/lo1.szczecin.pl\/index.php\/wp-json\/wp\/v2\/types\/page"}],"author":[{"embeddable":true,"href":"https:\/\/lo1.szczecin.pl\/index.php\/wp-json\/wp\/v2\/users\/1"}],"replies":[{"embeddable":true,"href":"https:\/\/lo1.szczecin.pl\/index.php\/wp-json\/wp\/v2\/comments?post=6743"}],"version-history":[{"count":2,"href":"https:\/\/lo1.szczecin.pl\/index.php\/wp-json\/wp\/v2\/pages\/6743\/revisions"}],"predecessor-version":[{"id":7664,"href":"https:\/\/lo1.szczecin.pl\/index.php\/wp-json\/wp\/v2\/pages\/6743\/revisions\/7664"}],"up":[{"embeddable":true,"href":"https:\/\/lo1.szczecin.pl\/index.php\/wp-json\/wp\/v2\/pages\/6738"}],"wp:attachment":[{"href":"https:\/\/lo1.szczecin.pl\/index.php\/wp-json\/wp\/v2\/media?parent=6743"}],"curies":[{"name":"wp","href":"https:\/\/api.w.org\/{rel}","templated":true}]}}

Harmonogram obchodów

<p><strong>Ramowy Plan Jubileuszu 80-lecia I LO w Szczecinie  w dniach 05-07 września 2025 r.</strong></p>



<p><strong>05 września (piątek)</strong><br><strong>godz. 12.00 &#8211; 13.45</strong> &#8211; uroczystość oficjalna w auli szkolnej połączona ze ślubowaniem uczniów klas pierwszych, z udziałem zaproszonych gości,<br><strong>godz. 14.00 &#8211; 19.00</strong> &#8211; popołudnie otwartych drzwi dla Absolwentów (w wyznaczonych salach lekcyjnych), połączone z okolicznościowymi wystawami i prezentacjami.</p>



<p><strong>06 września (sobota)</strong><br><strong>godz. 10.00 &#8211; 13.00</strong> &#8211; sport łączy pokolenia (rozgrywki między Uczniami i Absolwentami)<br><strong>godz. 19.00 &#8211; 2.00 </strong>&#8211; Bal Jubileuszowy z udziałem Absolwentów i Nauczycieli.</p>



<p><strong>07 września (niedziela)</strong><br><strong>godz. 12.30 </strong>&#8211; Msza św. w intencji Społeczności I LO w kościele o.Jezuitów przy ul. Pocztowej 22,<br><strong>godz. 14.00</strong> &#8211; spotkanie przy grobie Pani Dyrektor Janiny Szczerskiej (Cmentarz Centralny, Aleja Zasłużonych), przejście do grobu Pana Dyrektora Jana Trzeciaka oraz innych ś.p. Nauczycieli I LO.<br><br></p>



<p></p>

<p>Ramowy Plan Jubileuszu 80-lecia I LO w Szczecinie w dniach 05-07 września 2025 r. 05 września (piątek)godz. 12.00 &#8211; 13.45 &#8211; uroczystość oficjalna w auli szkolnej połączona ze ślubowaniem uczniów klas pierwszych, z udziałem zaproszonych gości,godz. 14.00 &#8211; 19.00 &#8211; popołudnie otwartych drzwi dla Absolwentów (w wyznaczonych salach lekcyjnych), połączone z okolicznościowymi wystawami i prezentacjami. [&hellip;]</p>
