{"id":70,"date":"2017-02-07T12:37:22","date_gmt":"2017-02-07T11:37:22","guid":{"rendered":"http:\/\/serwer1646903.home.pl\/lo1\/?page_id=70"},"modified":"2026-04-20T09:02:07","modified_gmt":"2026-04-20T07:02:07","slug":"rada-rodzicow","status":"publish","type":"page","link":"https:\/\/lo1.szczecin.pl\/index.php\/dla-rodzicow\/rada-rodzicow\/","title":{"rendered":"Rada Rodzic\u00f3w"},"content":{"rendered":"<h3><strong>Rada Rodzic\u00f3w przy I LO im. Marii Sk\u0142odowskiej-Curie<br \/>\nw Szczecinie<\/strong><\/h3>\n<hr \/>\n<p><strong>Sk\u0142ad Prezydium Rady Rodzic\u00f3w w roku szkolnym 2025\/2026:<\/strong><\/p>\n<p><strong>Przewodnicz\u0105cy Rady Rodzic\u00f3w\u00a0<\/strong> -Pawe\u0142 Hapanowicz &#8211; kl. 4 d<br \/>\nkontakt: <strong>lo1rada@hpreklama.com<br \/>\n&#8211; Zast\u0119pca Przewodnicz\u0105cego &#8211; <\/strong>Irena Bi\u0144kowska<br \/>\n<strong>&#8211; Skarbnik &#8211; <\/strong>Anna Wilkosz<br \/>\n&#8211; <strong>Sekretarz<\/strong> &#8211; Arkadiusz Borgorz<\/p>\n<p><strong>Komisja Rewizyjna:<br \/>\n&#8211; <\/strong>Bartosz Kotylak<br \/>\n&#8211; Damian Zenka<br \/>\n&#8211; Monika Skrobiranda<\/p>\n<h3>Konto bankowe<\/h3>\n<hr \/>\n<p><strong>Sk\u0142adki:<\/strong><\/p>\n<p>W roku szkolnym 2025\/2026 sk\u0142adka na Rad\u0119 Rodzic\u00f3w wynosi <strong>150 z\u0142 za rok szkolny, tj. 75 z\u0142 za semestr<\/strong>.<\/p>\n<p>Prosimy o przelew na konto Rady Rodzic\u00f3w<\/p>\n<p><strong>Kwota 150 z\u0142<\/strong><\/p>\n<h3><strong>13 1540 1085 2098 5311 7269 0001<\/strong><\/h3>\n<p><strong>Bank Ochrony \u015arodowiska SA O\/Szczecin<\/strong><\/p>\n<p><strong>Tytu\u0142em<\/strong>: imi\u0119 i nazwisko dziecka, klasa, sk\u0142adka na Rad\u0119 Rodzic\u00f3w za 2024\/2025<\/p>\n<hr \/>\n<p><strong>Kwot\u0119 wp\u0142acamy jednorazowo lub w ratach. Sk\u0142adk\u0119 mo\u017cna te\u017c wp\u0142aci\u0107 got\u00f3wk\u0105 w sekretariacie szko\u0142y.<br \/>\n<\/strong><\/p>\n","protected":false},"excerpt":{"rendered":"<p>Rada Rodzic\u00f3w przy I LO im. Marii Sk\u0142odowskiej-Curie w Szczecinie Sk\u0142ad Prezydium Rady Rodzic\u00f3w w roku szkolnym 2025\/2026: Przewodnicz\u0105cy Rady Rodzic\u00f3w\u00a0 -Pawe\u0142 Hapanowicz &#8211; kl. 4 d kontakt: lo1rada@hpreklama.com &#8211; Zast\u0119pca Przewodnicz\u0105cego &#8211; Irena Bi\u0144kowska &#8211; Skarbnik &#8211; Anna Wilkosz &#8211; Sekretarz &#8211; Arkadiusz Borgorz Komisja Rewizyjna: &#8211; Bartosz Kotylak &#8211; Damian Zenka &#8211; Monika [&hellip;]<\/p>\n","protected":false},"author":1,"featured_media":0,"parent":12,"menu_order":2,"comment_status":"closed","ping_status":"closed","template":"","meta":{"footnotes":""},"class_list":["post-70","page","type-page","status-publish","hentry"],"_links":{"self":[{"href":"https:\/\/lo1.szczecin.pl\/index.php\/wp-json\/wp\/v2\/pages\/70","targetHints":{"allow":["GET"]}}],"collection":[{"href":"https:\/\/lo1.szczecin.pl\/index.php\/wp-json\/wp\/v2\/pages"}],"about":[{"href":"https:\/\/lo1.szczecin.pl\/index.php\/wp-json\/wp\/v2\/types\/page"}],"author":[{"embeddable":true,"href":"https:\/\/lo1.szczecin.pl\/index.php\/wp-json\/wp\/v2\/users\/1"}],"replies":[{"embeddable":true,"href":"https:\/\/lo1.szczecin.pl\/index.php\/wp-json\/wp\/v2\/comments?post=70"}],"version-history":[{"count":32,"href":"https:\/\/lo1.szczecin.pl\/index.php\/wp-json\/wp\/v2\/pages\/70\/revisions"}],"predecessor-version":[{"id":8267,"href":"https:\/\/lo1.szczecin.pl\/index.php\/wp-json\/wp\/v2\/pages\/70\/revisions\/8267"}],"up":[{"embeddable":true,"href":"https:\/\/lo1.szczecin.pl\/index.php\/wp-json\/wp\/v2\/pages\/12"}],"wp:attachment":[{"href":"https:\/\/lo1.szczecin.pl\/index.php\/wp-json\/wp\/v2\/media?parent=70"}],"curies":[{"name":"wp","href":"https:\/\/api.w.org\/{rel}","templated":true}]}}